 of w(-6)?
4
Suppose -780 = 4*j + 2*b, 0*b - 5*b = 0. What is the tens digit of (-2)/3*j/5?
2
Suppose 3*y - s - 2053 = 0, s - 1372 = -2*y - 0*s. What is the hundreds digit of y?
6
Let y = -21 - -25. Suppose -2*a + 757 = 4*b + 49, y*b - 4*a = 696. What is the units digit of b?
6
Suppose 25 = 26*a - 21*a. Suppose -2*i = -a*s + 1032, -2*s - 5*i + 61 + 346 = 0. What is the hundreds digit of s?
2
Let d be (-2)/((-2)/(-31 - 3)). Let o(a) = 4*a + 20. Let i be o(-8). What is the units digit of i/(-4) - (d - 1)?
8
Let s(m) = -449*m**3 - 2*m**2 + 25*m + 27. What is the hundreds digit of s(-1)?
4
Let j be ((-32)/(-12))/((-4)/(-6)) + 293. Suppose -6*c = -5*c - j. What is the tens digit of c?
9
Suppose 0 = k - 174 - 173. What is the units digit of k?
7
Suppose 124 = -5*w + 19. Let z = 42 - w. What is the tens digit of z?
6
What is the hundreds digit of 112/14 - (-4 + -20684)/4?
1
Let v = -67 - -553. What is the hundreds digit of v?
4
Let j = -239 - -58. Let y = j + 425. What is the hundreds digit of y?
2
Let d(y) = 236*y**2 + 1. Let g be d(1). Let x = -87 + g. What is the units digit of x?
0
Suppose 32*f = -g + 34*f + 2451, -g + 2486 = 5*f. What is the tens digit of g?
6
Let z = -97 + 118. What is the tens digit of (2 + (-9 - 1))*z/(-6)?
2
Let p be (-81)/(-5) - (-88)/110. Suppose 17 + p = w. What is the units digit of w?
4
Suppose -6*w = w - 28. Let j be 2 + 1 - (-1 + -2). Suppose 0 = j*v - w*v - 8. What is the units digit of v?
4
Let j(v) = v**2 - 3*v - 18. Let y be j(12). Suppose 0 = -3*q + 282 - y. What is the tens digit of q?
6
Let b = -92 + 156. Let o be (8 - 5) + 34/(-1) + 1. Let x = o + b. What is the units digit of x?
4
Suppose -29*q + 31*q - 52 = 0. Suppose -22 - q = -8*t. What is the units digit of t?
6
Let d(m) = 5*m. Let h be d(1). Suppose h*p = 1209 - 279. Suppose -8*k + 11*k = p. What is the units digit of k?
2
Let i(z) = 17*z**2 - 13*z - 65. What is the units digit of i(-10)?
5
Let c = -20 + 34. Suppose 4*k + c = 90. Let g = 16 + k. What is the units digit of g?
5
Suppose 32 = l + 4*l - 4*a, 0 = -2*l + 3*a + 10. Let j be (-12)/l - 2283/(-2). What is the units digit of (j/(-8))/(-5)*2?
7
Let f(z) = z**3 - 11*z**2 - z + 16. Let i be f(11). Suppose w = -2*j + 5*j - 241, -5*w - i = 0. What is the tens digit of j?
8
Suppose -2*x - 4*x + 660 = 0. Let v = x + -43. What is the units digit of v?
7
Suppose 4060*u - 7575 = 4055*u. What is the hundreds digit of u?
5
Let d(j) = -113*j + 184. What is the units digit of d(-16)?
2
Let p(w) = -w**2 + 13*w - 28. Let f be p(10). Suppose 2*i + 364 = f*t, -2*t + 0*t - i + 376 = 0. What is the units digit of t?
6
Let s(u) = 11*u**3 + 39*u**2 + 30*u + 43. Let t(h) = -4*h**3 - 13*h**2 - 10*h - 14. Let a(z) = 3*s(z) + 8*t(z). What is the units digit of a(-12)?
1
Suppose -2*g = -0*g + 2, -f + 3*g + 28 = 0. Let p = f - 5. What is the tens digit of p?
2
What is the units digit of (26/(-4))/((-7)/(1052 + -2))?
5
Let y(p) = -p**3 - 1. Let q be y(-1). Suppose h - 2 = -q*h. Suppose -2*j - 2*j - 12 = 0, -30 = -h*k - 2*j. What is the units digit of k?
8
Let r = 5 + -3. Let z(k) = -8*k**3 + r*k**2 + 7*k**3 + 2*k - 6 + 3*k**2. What is the units digit of z(5)?
4
Let i be 5*(-7)/(105/12). Let r be i/(-6) + 28/12. What is the tens digit of ((-2)/4)/(r/(-150))?
2
Let w(v) = 3*v**2 - 5*v + 4. Let h = -11 - -8. What is the tens digit of w(h)?
4
Let c be (2/(-4))/((-7)/56). Let f be (-1)/(-2)*c/1. Suppose 3*v = 55 + f. What is the tens digit of v?
1
Suppose -33*p + 130232 + 4738 = 0. What is the tens digit of p?
9
Suppose -g + 2 = g. Let l be 1/1 + g + 5. Suppose -2*u - v + 74 = 0, -l*v + 3*v + 152 = 4*u. What is the tens digit of u?
3
Suppose -22*i + 2323 = -8523. What is the tens digit of i?
9
Suppose 5*h + 4*c = 3857 + 873, -c + 1889 = 2*h. What is the hundreds digit of h?
9
Let d = -321 - -521. What is the tens digit of d?
0
Suppose -5*p - 5*d = -80, 2*d - 34 = -5*p + 34. Suppose 4*r - 35 = -r. What is the tens digit of (r + -5)/(1/p)?
2
Let u(d) be the third derivative of d**5/60 + d**4/3 - 13*d**3/6 - d**2. What is the tens digit of u(-12)?
3
Let v(b) = -2*b**2 - 7*b - 7. Let a(z) = z**2 + 3*z + 4. Let t(p) = 5*a(p) + 2*v(p). What is the units digit of t(11)?
8
Let t(b) = -497*b - 569. What is the tens digit of t(-6)?
1
Let d = -6 + 4. Let g(k) = -k**3 + 2*k - 1. Let b be g(d). Suppose j + 55 = 5*p - 80, -5*j = -b*p + 81. What is the units digit of p?
7
Suppose -169*i + 163*i = -1248. What is the units digit of i?
8
Let v(c) = 5*c**2 - 7*c - 18. What is the tens digit of v(-5)?
4
Suppose 7802 = 4*p - 0*p - l, 3*l = -6. What is the thousands digit of p?
1
Suppose 2*k - 2921 = 4*h + 369, 0 = -2*k - 5*h + 3290. What is the tens digit of k?
4
Suppose 2*k + 56 = 5*g, -g + 20 = 2*k + 2*k. Let u be -18*(2 + (-52)/g). Let l = u - 10. What is the tens digit of l?
3
Let a = -86 - -52. Let b = 11 - a. What is the tens digit of b?
4
Let w = -5 - -7. Let u(l) = -6 + 2*l**2 + l**2 + 4*l**2 - l - 6*l**w. What is the tens digit of u(6)?
2
Let z = 41 + -28. Let d = 115 + z. What is the tens digit of d?
2
Let c(q) = 5*q - 3. Let k(u) = -2*u + 1. Let v(m) = 6*c(m) + 11*k(m). Let f = 10 + -5. What is the units digit of v(f)?
3
Suppose 0*h + 4 = -5*c + h, -4 = 3*c - h. Suppose c = -b + i + 4, 2*b - i = 6. Suppose 3*v - 42 = -b*p - 2*v, 3*v + 21 = 3*p. What is the tens digit of p?
1
Let h(o) = -25*o - 1. Suppose 4*d - 2*g = -10, -4*d + 0*d - 4*g = 40. What is the hundreds digit of h(d)?
1
What is the thousands digit of (-2)/6 - (57935/(-15))/1?
3
Let v(y) = -42*y**3 + y**2 + 6*y + 4. Let w(f) = 43*f**3 - f**2 - 7*f - 5. Let l(n) = -6*v(n) - 5*w(n). Let b = -17 - -18. What is the units digit of l(b)?
6
Let v(o) = o**2 + o - 85. What is the tens digit of v(-26)?
6
Suppose 0 = -17*z - 1383 + 19845. What is the hundreds digit of z?
0
Let u = 1148 - 753. What is the units digit of u?
5
Let h(d) = -6*d**2 + d - 5. Let k(g) = 2 + g - 2*g**2 - 3*g**2 - 1 - 5. Let y(a) = 3*h(a) - 4*k(a). What is the tens digit of y(-3)?
2
Let q(f) = 14*f**2 - f - 1. Let j be q(2). Let b = j + -18. What is the tens digit of b?
3
Let s(j) = 8*j**2 + 15*j + 31. What is the hundreds digit of s(-8)?
4
Suppose -2*v - v = -5*p + 2482, -4*v = p - 501. Let q = -353 + p. What is the units digit of q?
4
Let z(r) be the second derivative of 0 - 6*r**2 - 3*r + 1/12*r**4 + 4/3*r**3. What is the units digit of z(-11)?
1
Let g(r) = r**3 - 10*r**2 + 20*r - 15. What is the hundreds digit of g(10)?
1
Let h(n) = 43*n - 21. Let j(o) = 22*o - 11. Let v(q) = 2*h(q) - 5*j(q). What is the units digit of v(-5)?
3
Let z(f) = -84*f - 42. What is the hundreds digit of z(-7)?
5
Let o be 1 - (-1)/1 - -2. Suppose o*i - 74 = m, -5*i + 3*m + 87 = -9. Suppose 3*r = 5*r - i. What is the units digit of r?
9
Let h be 6836/6 + 28/42. Suppose 52*v + h = 57*v. What is the tens digit of v?
2
Suppose 19 + 2 = -3*v. Let x be 10/40 + v/(-4). What is the tens digit of x/7 + 2160/84?
2
What is the hundreds digit of -755*-1*(-6)/(-5)?
9
What is the thousands digit of (-1 - -9 - 9) + 1307?
1
Let w = 28 - 25. Suppose 0 = b, -w*c - 3*b = -2*c - 37. Suppose 2*h = 4*z + 54, h + 2 = 4*z + c. What is the tens digit of h?
1
Suppose 40 = 3*q + 2*q. Let i = q + -1. What is the units digit of (i + -3)*(-5)/(-4)?
5
Let y be 4/12 + 5/3. What is the units digit of y/6 - 82/(-6)?
4
Let d(s) = s**3 - 5*s**2 - 50. What is the tens digit of d(10)?
5
Let h(r) = -r**2 + 7*r - 4. Let a be h(6). Suppose 4*w + 51 = -z, 0 = -w - z - 0*z - 9. What is the units digit of 1/a + (-7)/w?
1
Let d = -5 - 3. Let m = -5 - d. What is the tens digit of (90*m/3)/2?
4
Let m(c) = -2*c**3 - c**2 + 2*c. Let z be m(0). Let u = -23 + 13. Let o = z - u. What is the units digit of o?
0
What is the hundreds digit of (-7080)/(-40) + (-6)/1?
1
Suppose -3*z = 4 - 16. Suppose 5*h - k - 265 = z*k, -3*k + 45 = h. What is the units digit of h?
1
What is the hundreds digit of 3251 - -22 - (0 + 3)?
2
Let s = -14 - -14. Let x = -2 + 7. Suppose 2*k - 3*l - 37 = s, -4*l = x*k + l - 80. What is the units digit of k?
7
Suppose 2416 - 8566 = -10*a. What is the units digit of a?
5
Let o(k) = 13*k**2 - 1. Let a be o(1). Suppose -3*z = a - 0, z - 11 = -q. Let i = 43 - q. What is the units digit of i?
8
Let b = -40 - -39. What is the tens digit of 66/(-33) - (-68 - (0 - b))?
6
Let